{"id":472,"date":"2023-02-09T12:41:29","date_gmt":"2023-02-09T11:41:29","guid":{"rendered":"https:\/\/dama-moe.de\/pl\/?page_id=472"},"modified":"2025-05-07T10:29:48","modified_gmt":"2025-05-07T08:29:48","slug":"doradztwo-i-kooperacja-projekty-w-dach-niemcy-i-dama-moe","status":"publish","type":"page","link":"https:\/\/dama-moe.de\/pl\/doradztwo-i-kooperacja-projekty-w-dach-niemcy-i-dama-moe\/","title":{"rendered":"doradztwo + kooperacja"},"content":{"rendered":"\n<ul class=\"wp-block-list\">\n<li>doradztwo w zakresie struktur sprzeda\u017cy, dzia\u0142a\u0144 konkurencyjnych, struktury klient\u00f3w, polityki cenowej, odpowiednich \u015brodk\u00f3w reklamowych na danym rynku docelowym,<\/li>\n\n\n\n<li>opracowanie modeli biznesowych dla realizacji projekt\u00f3w biznesowych,<\/li>\n\n\n\n<li>identyfikacja i pozyskiwanie odpowiednich partner\u00f3w do wsp\u00f3\u0142pracy (np. przedstawicieli handlowych, dystrybutor\u00f3w, hurtownik\u00f3w, producent\u00f3w, partner\u00f3w do konsorcj\u00f3w lub wsp\u00f3lnych projekt\u00f3w),<\/li>\n\n\n\n<li>prowadzenie wst\u0119pnych negocjacji i rozm\u00f3w z potencjalnymi partnerami kooperacyjnymi i\/lub organami administracyjnymi, ustalanie warunk\u00f3w ewentualnej wsp\u00f3\u0142pracy z zagranicznym partnerami,<\/li>\n\n\n\n<li>doradztwo w zakresie wprowadzania produkt\u00f3w na rynek docelowy (np. sprawdzenie sytuacji prawnej na danym rynku docelowym, wymog\u00f3w prawnych i warunk\u00f3w rynkowych),<\/li>\n\n\n\n<li>wsparcie przy problemach z lokalnymi partnerami na rynku docelowym (administracja, klienci, dostawcy, pracownicy itp.),<\/li>\n\n\n\n<li>identyfikacja i pozyskanie nowych kana\u0142\u00f3w zaopatrzenia,<\/li>\n\n\n\n<li>inne w zale\u017cno\u015bci od potrzeb,<\/li>\n<\/ul>\n\n\n\n<p><\/p>\n\n\n\n<p><\/p>\n","protected":false},"excerpt":{"rendered":"","protected":false},"author":1,"featured_media":0,"parent":0,"menu_order":0,"comment_status":"closed","ping_status":"closed","template":"","meta":{"neve_meta_sidebar":"","neve_meta_container":"","neve_meta_enable_content_width":"","neve_meta_content_width":0,"neve_meta_title_alignment":"","neve_meta_author_avatar":"","neve_post_elements_order":"","neve_meta_disable_header":"","neve_meta_disable_footer":"","neve_meta_disable_title":"","footnotes":""},"class_list":["post-472","page","type-page","status-publish","hentry"],"yoast_head":"<!-- This site is optimized with the Yoast SEO plugin v27.5 - https:\/\/yoast.com\/product\/yoast-seo-wordpress\/ -->\n<title>doradztwo + kooperacja - DARIA MAK-WALTHER<\/title>\n<meta name=\"description\" content=\"Doradzamy jak wprowadzi\u0107 produkty i us\u0142ugi na rynek niemiecki \/ niemieckoj\u0119zyczny, uwzgl\u0119dniaj\u0105c mentalno\u015b\u0107, marketing oraz inne aspekty.\" \/>\n<meta name=\"robots\" content=\"index, follow, max-snippet:-1, max-image-preview:large, max-video-preview:-1\" \/>\n<link rel=\"canonical\" href=\"https:\/\/dama-moe.de\/pl\/doradztwo-i-kooperacja-projekty-w-dach-niemcy-i-dama-moe\/\" \/>\n<meta property=\"og:locale\" content=\"pl_PL\" \/>\n<meta property=\"og:type\" content=\"article\" \/>\n<meta property=\"og:title\" content=\"doradztwo + kooperacja - DARIA MAK-WALTHER\" \/>\n<meta property=\"og:description\" content=\"Doradzamy jak wprowadzi\u0107 produkty i us\u0142ugi na rynek niemiecki \/ niemieckoj\u0119zyczny, uwzgl\u0119dniaj\u0105c mentalno\u015b\u0107, marketing oraz inne aspekty.\" \/>\n<meta property=\"og:url\" content=\"https:\/\/dama-moe.de\/pl\/doradztwo-i-kooperacja-projekty-w-dach-niemcy-i-dama-moe\/\" \/>\n<meta property=\"og:site_name\" content=\"DARIA MAK-WALTHER\" \/>\n<meta property=\"article:modified_time\" content=\"2025-05-07T08:29:48+00:00\" \/>\n<meta name=\"twitter:card\" content=\"summary_large_image\" \/>\n<meta name=\"twitter:label1\" content=\"Szacowany czas czytania\" \/>\n\t<meta name=\"twitter:data1\" content=\"1 minuta\" \/>\n<script type=\"application\/ld+json\" class=\"yoast-schema-graph\">{\"@context\":\"https:\\\/\\\/schema.org\",\"@graph\":[{\"@type\":\"WebPage\",\"@id\":\"https:\\\/\\\/dama-moe.de\\\/pl\\\/doradztwo-i-kooperacja-projekty-w-dach-niemcy-i-dama-moe\\\/\",\"url\":\"https:\\\/\\\/dama-moe.de\\\/pl\\\/doradztwo-i-kooperacja-projekty-w-dach-niemcy-i-dama-moe\\\/\",\"name\":\"doradztwo + kooperacja - DARIA MAK-WALTHER\",\"isPartOf\":{\"@id\":\"https:\\\/\\\/dama-moe.de\\\/pl\\\/#website\"},\"datePublished\":\"2023-02-09T11:41:29+00:00\",\"dateModified\":\"2025-05-07T08:29:48+00:00\",\"description\":\"Doradzamy jak wprowadzi\u0107 produkty i us\u0142ugi na rynek niemiecki \\\/ niemieckoj\u0119zyczny, uwzgl\u0119dniaj\u0105c mentalno\u015b\u0107, marketing oraz inne aspekty.\",\"breadcrumb\":{\"@id\":\"https:\\\/\\\/dama-moe.de\\\/pl\\\/doradztwo-i-kooperacja-projekty-w-dach-niemcy-i-dama-moe\\\/#breadcrumb\"},\"inLanguage\":\"pl-PL\",\"potentialAction\":[{\"@type\":\"ReadAction\",\"target\":[\"https:\\\/\\\/dama-moe.de\\\/pl\\\/doradztwo-i-kooperacja-projekty-w-dach-niemcy-i-dama-moe\\\/\"]}]},{\"@type\":\"BreadcrumbList\",\"@id\":\"https:\\\/\\\/dama-moe.de\\\/pl\\\/doradztwo-i-kooperacja-projekty-w-dach-niemcy-i-dama-moe\\\/#breadcrumb\",\"itemListElement\":[{\"@type\":\"ListItem\",\"position\":1,\"name\":\"Startseite\",\"item\":\"https:\\\/\\\/dama-moe.de\\\/pl\\\/\"},{\"@type\":\"ListItem\",\"position\":2,\"name\":\"doradztwo + kooperacja\"}]},{\"@type\":\"WebSite\",\"@id\":\"https:\\\/\\\/dama-moe.de\\\/pl\\\/#website\",\"url\":\"https:\\\/\\\/dama-moe.de\\\/pl\\\/\",\"name\":\"DARIA MAK-WALTHER\",\"description\":\"Wspieramy Ci\u0119 w internacjonalizacji\",\"publisher\":{\"@id\":\"https:\\\/\\\/dama-moe.de\\\/pl\\\/#organization\"},\"potentialAction\":[{\"@type\":\"SearchAction\",\"target\":{\"@type\":\"EntryPoint\",\"urlTemplate\":\"https:\\\/\\\/dama-moe.de\\\/pl\\\/?s={search_term_string}\"},\"query-input\":{\"@type\":\"PropertyValueSpecification\",\"valueRequired\":true,\"valueName\":\"search_term_string\"}}],\"inLanguage\":\"pl-PL\"},{\"@type\":\"Organization\",\"@id\":\"https:\\\/\\\/dama-moe.de\\\/pl\\\/#organization\",\"name\":\"DARIA MAK-WALTHER\",\"url\":\"https:\\\/\\\/dama-moe.de\\\/pl\\\/\",\"logo\":{\"@type\":\"ImageObject\",\"inLanguage\":\"pl-PL\",\"@id\":\"https:\\\/\\\/dama-moe.de\\\/pl\\\/#\\\/schema\\\/logo\\\/image\\\/\",\"url\":\"\",\"contentUrl\":\"\",\"caption\":\"DARIA MAK-WALTHER\"},\"image\":{\"@id\":\"https:\\\/\\\/dama-moe.de\\\/pl\\\/#\\\/schema\\\/logo\\\/image\\\/\"}}]}<\/script>\n<!-- \/ Yoast SEO plugin. -->","yoast_head_json":{"title":"doradztwo + kooperacja - DARIA MAK-WALTHER","description":"Doradzamy jak wprowadzi\u0107 produkty i us\u0142ugi na rynek niemiecki \/ niemieckoj\u0119zyczny, uwzgl\u0119dniaj\u0105c mentalno\u015b\u0107, marketing oraz inne aspekty.","robots":{"index":"index","follow":"follow","max-snippet":"max-snippet:-1","max-image-preview":"max-image-preview:large","max-video-preview":"max-video-preview:-1"},"canonical":"https:\/\/dama-moe.de\/pl\/doradztwo-i-kooperacja-projekty-w-dach-niemcy-i-dama-moe\/","og_locale":"pl_PL","og_type":"article","og_title":"doradztwo + kooperacja - DARIA MAK-WALTHER","og_description":"Doradzamy jak wprowadzi\u0107 produkty i us\u0142ugi na rynek niemiecki \/ niemieckoj\u0119zyczny, uwzgl\u0119dniaj\u0105c mentalno\u015b\u0107, marketing oraz inne aspekty.","og_url":"https:\/\/dama-moe.de\/pl\/doradztwo-i-kooperacja-projekty-w-dach-niemcy-i-dama-moe\/","og_site_name":"DARIA MAK-WALTHER","article_modified_time":"2025-05-07T08:29:48+00:00","twitter_card":"summary_large_image","twitter_misc":{"Szacowany czas czytania":"1 minuta"},"schema":{"@context":"https:\/\/schema.org","@graph":[{"@type":"WebPage","@id":"https:\/\/dama-moe.de\/pl\/doradztwo-i-kooperacja-projekty-w-dach-niemcy-i-dama-moe\/","url":"https:\/\/dama-moe.de\/pl\/doradztwo-i-kooperacja-projekty-w-dach-niemcy-i-dama-moe\/","name":"doradztwo + kooperacja - DARIA MAK-WALTHER","isPartOf":{"@id":"https:\/\/dama-moe.de\/pl\/#website"},"datePublished":"2023-02-09T11:41:29+00:00","dateModified":"2025-05-07T08:29:48+00:00","description":"Doradzamy jak wprowadzi\u0107 produkty i us\u0142ugi na rynek niemiecki \/ niemieckoj\u0119zyczny, uwzgl\u0119dniaj\u0105c mentalno\u015b\u0107, marketing oraz inne aspekty.","breadcrumb":{"@id":"https:\/\/dama-moe.de\/pl\/doradztwo-i-kooperacja-projekty-w-dach-niemcy-i-dama-moe\/#breadcrumb"},"inLanguage":"pl-PL","potentialAction":[{"@type":"ReadAction","target":["https:\/\/dama-moe.de\/pl\/doradztwo-i-kooperacja-projekty-w-dach-niemcy-i-dama-moe\/"]}]},{"@type":"BreadcrumbList","@id":"https:\/\/dama-moe.de\/pl\/doradztwo-i-kooperacja-projekty-w-dach-niemcy-i-dama-moe\/#breadcrumb","itemListElement":[{"@type":"ListItem","position":1,"name":"Startseite","item":"https:\/\/dama-moe.de\/pl\/"},{"@type":"ListItem","position":2,"name":"doradztwo + kooperacja"}]},{"@type":"WebSite","@id":"https:\/\/dama-moe.de\/pl\/#website","url":"https:\/\/dama-moe.de\/pl\/","name":"DARIA MAK-WALTHER","description":"Wspieramy Ci\u0119 w internacjonalizacji","publisher":{"@id":"https:\/\/dama-moe.de\/pl\/#organization"},"potentialAction":[{"@type":"SearchAction","target":{"@type":"EntryPoint","urlTemplate":"https:\/\/dama-moe.de\/pl\/?s={search_term_string}"},"query-input":{"@type":"PropertyValueSpecification","valueRequired":true,"valueName":"search_term_string"}}],"inLanguage":"pl-PL"},{"@type":"Organization","@id":"https:\/\/dama-moe.de\/pl\/#organization","name":"DARIA MAK-WALTHER","url":"https:\/\/dama-moe.de\/pl\/","logo":{"@type":"ImageObject","inLanguage":"pl-PL","@id":"https:\/\/dama-moe.de\/pl\/#\/schema\/logo\/image\/","url":"","contentUrl":"","caption":"DARIA MAK-WALTHER"},"image":{"@id":"https:\/\/dama-moe.de\/pl\/#\/schema\/logo\/image\/"}}]}},"_links":{"self":[{"href":"https:\/\/dama-moe.de\/pl\/wp-json\/wp\/v2\/pages\/472","targetHints":{"allow":["GET"]}}],"collection":[{"href":"https:\/\/dama-moe.de\/pl\/wp-json\/wp\/v2\/pages"}],"about":[{"href":"https:\/\/dama-moe.de\/pl\/wp-json\/wp\/v2\/types\/page"}],"author":[{"embeddable":true,"href":"https:\/\/dama-moe.de\/pl\/wp-json\/wp\/v2\/users\/1"}],"replies":[{"embeddable":true,"href":"https:\/\/dama-moe.de\/pl\/wp-json\/wp\/v2\/comments?post=472"}],"version-history":[{"count":6,"href":"https:\/\/dama-moe.de\/pl\/wp-json\/wp\/v2\/pages\/472\/revisions"}],"predecessor-version":[{"id":685,"href":"https:\/\/dama-moe.de\/pl\/wp-json\/wp\/v2\/pages\/472\/revisions\/685"}],"wp:attachment":[{"href":"https:\/\/dama-moe.de\/pl\/wp-json\/wp\/v2\/media?parent=472"}],"curies":[{"name":"wp","href":"https:\/\/api.w.org\/{rel}","templated":true}]}}

<ul class="wp-block-list">
<li>doradztwo w zakresie struktur sprzedaży, działań konkurencyjnych, struktury klientów, polityki cenowej, odpowiednich środków reklamowych na danym rynku docelowym,</li>



<li>opracowanie modeli biznesowych dla realizacji projektów biznesowych,</li>



<li>identyfikacja i pozyskiwanie odpowiednich partnerów do współpracy (np. przedstawicieli handlowych, dystrybutorów, hurtowników, producentów, partnerów do konsorcjów lub wspólnych projektów),</li>



<li>prowadzenie wstępnych negocjacji i rozmów z potencjalnymi partnerami kooperacyjnymi i/lub organami administracyjnymi, ustalanie warunków ewentualnej współpracy z zagranicznym partnerami,</li>



<li>doradztwo w zakresie wprowadzania produktów na rynek docelowy (np. sprawdzenie sytuacji prawnej na danym rynku docelowym, wymogów prawnych i warunków rynkowych),</li>



<li>wsparcie przy problemach z lokalnymi partnerami na rynku docelowym (administracja, klienci, dostawcy, pracownicy itp.),</li>



<li>identyfikacja i pozyskanie nowych kanałów zaopatrzenia,</li>



<li>inne w zależności od potrzeb,</li>
</ul>



<p></p>



<p></p>

<!-- This site is optimized with the Yoast SEO plugin v27.5 - https://yoast.com/product/yoast-seo-wordpress/ -->
<title>doradztwo + kooperacja - DARIA MAK-WALTHER</title>
<meta name="description" content="Doradzamy jak wprowadzić produkty i usługi na rynek niemiecki / niemieckojęzyczny, uwzględniając mentalność, marketing oraz inne aspekty." />
<meta name="robots" content="index, follow, max-snippet:-1, max-image-preview:large, max-video-preview:-1" />
<link rel="canonical" href="https://dama-moe.de/pl/doradztwo-i-kooperacja-projekty-w-dach-niemcy-i-dama-moe/" />
<meta property="og:locale" content="pl_PL" />
<meta property="og:type" content="article" />
<meta property="og:title" content="doradztwo + kooperacja - DARIA MAK-WALTHER" />
<meta property="og:description" content="Doradzamy jak wprowadzić produkty i usługi na rynek niemiecki / niemieckojęzyczny, uwzględniając mentalność, marketing oraz inne aspekty." />
<meta property="og:url" content="https://dama-moe.de/pl/doradztwo-i-kooperacja-projekty-w-dach-niemcy-i-dama-moe/" />
<meta property="og:site_name" content="DARIA MAK-WALTHER" />
<meta property="article:modified_time" content="2025-05-07T08:29:48+00:00" />
<meta name="twitter:card" content="summary_large_image" />
<meta name="twitter:label1" content="Szacowany czas czytania" />
	<meta name="twitter:data1" content="1 minuta" />
<script type="application/ld+json" class="yoast-schema-graph">{"@context":"https:\/\/schema.org","@graph":[{"@type":"WebPage","@id":"https:\/\/dama-moe.de\/pl\/doradztwo-i-kooperacja-projekty-w-dach-niemcy-i-dama-moe\/","url":"https:\/\/dama-moe.de\/pl\/doradztwo-i-kooperacja-projekty-w-dach-niemcy-i-dama-moe\/","name":"doradztwo + kooperacja - DARIA MAK-WALTHER","isPartOf":{"@id":"https:\/\/dama-moe.de\/pl\/#website"},"datePublished":"2023-02-09T11:41:29+00:00","dateModified":"2025-05-07T08:29:48+00:00","description":"Doradzamy jak wprowadzić produkty i usługi na rynek niemiecki \/ niemieckojęzyczny, uwzględniając mentalność, marketing oraz inne aspekty.","breadcrumb":{"@id":"https:\/\/dama-moe.de\/pl\/doradztwo-i-kooperacja-projekty-w-dach-niemcy-i-dama-moe\/#breadcrumb"},"inLanguage":"pl-PL","potentialAction":[{"@type":"ReadAction","target":["https:\/\/dama-moe.de\/pl\/doradztwo-i-kooperacja-projekty-w-dach-niemcy-i-dama-moe\/"]}]},{"@type":"BreadcrumbList","@id":"https:\/\/dama-moe.de\/pl\/doradztwo-i-kooperacja-projekty-w-dach-niemcy-i-dama-moe\/#breadcrumb","itemListElement":[{"@type":"ListItem","position":1,"name":"Startseite","item":"https:\/\/dama-moe.de\/pl\/"},{"@type":"ListItem","position":2,"name":"doradztwo + kooperacja"}]},{"@type":"WebSite","@id":"https:\/\/dama-moe.de\/pl\/#website","url":"https:\/\/dama-moe.de\/pl\/","name":"DARIA MAK-WALTHER","description":"Wspieramy Cię w internacjonalizacji","publisher":{"@id":"https:\/\/dama-moe.de\/pl\/#organization"},"potentialAction":[{"@type":"SearchAction","target":{"@type":"EntryPoint","urlTemplate":"https:\/\/dama-moe.de\/pl\/?s={search_term_string}"},"query-input":{"@type":"PropertyValueSpecification","valueRequired":true,"valueName":"search_term_string"}}],"inLanguage":"pl-PL"},{"@type":"Organization","@id":"https:\/\/dama-moe.de\/pl\/#organization","name":"DARIA MAK-WALTHER","url":"https:\/\/dama-moe.de\/pl\/","logo":{"@type":"ImageObject","inLanguage":"pl-PL","@id":"https:\/\/dama-moe.de\/pl\/#\/schema\/logo\/image\/","url":"","contentUrl":"","caption":"DARIA MAK-WALTHER"},"image":{"@id":"https:\/\/dama-moe.de\/pl\/#\/schema\/logo\/image\/"}}]}</script>
<!-- / Yoast SEO plugin. -->

Doradzamy jak wprowadzić produkty i usługi na rynek niemiecki / niemieckojęzyczny, uwzględniając mentalność, marketing oraz inne aspekty.

Wspieramy Cię w internacjonalizacji
